{"id":291,"date":"2021-02-13T13:51:31","date_gmt":"2021-02-13T13:51:31","guid":{"rendered":"https:\/\/apart-wechner.at\/?page_id=291"},"modified":"2023-06-13T06:10:04","modified_gmt":"2023-06-13T06:10:04","slug":"sommer","status":"publish","type":"page","link":"https:\/\/apart-wechner.at\/index.php\/sommer\/","title":{"rendered":"Sommer im Paznaun"},"content":{"rendered":"\n<div class=\"wp-block-uagb-advanced-heading uagb-block-789c5dbc\"><h2 class=\"uagb-heading-text\">HOCH HINAUS UND IMMER WEITER<\/h2><div class=\"uagb-separator\"><\/div><p class=\"uagb-desc-text\">Atemberaubende Bergwelt direkt vor der Haust\u00fcre<\/p><\/div>\n\n\n\n<hr class=\"wp-block-separator has-css-opacity small-hr\"\/>\n\n\n\n<div style=\"height:40px\" aria-hidden=\"true\" class=\"wp-block-spacer\"><\/div>\n\n\n\n<p>Von familienfreundlichen Wanderungen \u00fcber aufregende Mountainbike-Trails bis hin zu Bergseen, die f\u00fcr Abk\u00fchlung der F\u00fc\u00dfe sorgen: Wer einen Sommerurlaub in Kappl im Paznaun verbringt, darf sich auf Ferien freuen, die in Sachen Abwechslung f\u00fcr Gro\u00df und Klein alle St\u00fccke spielen. Dabei lassen sie sich mit den&nbsp;Seil- und Sesselbahnen&nbsp;\u2013 die sich mit dem Basispaket der Silvretta Card kostenlos&nbsp;nutzen lassen \u2013 hinauf auf die Paznauner Berge bringen.<\/p>\n\n\n\n<p>Das herrliche Bergpanorama, bl\u00fchende Almwiesen und idyllische Bergh\u00fctten mit herzlicher Gastfreundschaft gibt\u2019s obendrauf. Klingt herrlich? Ist es! Denn im Tiroler Sommer gibt\u2019s f\u00fcr Aktivurlauber und sportliche Familien allerhand auf unterschiedlichste Weise zu entdecken:<\/p>\n\n\n\n<ul>\n<li>Wandern \u2013 20 Wanderrouten in Kappl \u2013 \u00fcber 80 Routen im Paznaun<\/li>\n\n\n\n<li>Mountainbiken \u2013 zahlreiche Mountainbikerouten und E-Bikerouten<\/li>\n\n\n\n<li>Laufen und Nordic Walken \u2013 Laufen in einzigartiger Landschaft<\/li>\n\n\n\n<li>Sunny Mountain Erlebnispark: Spa\u00df und Action nach dem Wandern f\u00fcr die ganze Familie&nbsp;<\/li>\n\n\n\n<li>Fischen und Angeln<\/li>\n\n\n\n<li>Motorrad fahren \u2013 abwechslungsreiche Panormastrecken, mehr als 30 P\u00e4sse und atemberaubende Ausblicke hinter jeder Kurve.<\/li>\n<\/ul>\n\n\n\n<p>Entdecken Sie Neues, gemeinsam mit Ihrer Familie \u2013 und das jeden Urlaubstag!<\/p>\n\n\n\n<div style=\"height:60px\" aria-hidden=\"true\" class=\"wp-block-spacer\"><\/div>\n\n\n\n<figure class=\"is-layout-flex wp-block-gallery-1 wp-block-gallery has-nested-images columns-default is-cropped\">\n<figure class=\"wp-block-image size-large\"><a href=\"https:\/\/apart-wechner.at\/wp-content\/uploads\/2021\/02\/Bild-9-small-scaled.jpg\"><img decoding=\"async\" width=\"1024\" height=\"683\" data-id=\"292\"  src=\"https:\/\/apart-wechner.at\/wp-content\/uploads\/2021\/02\/Bild-9-small-1024x683.jpg\" alt=\"\" class=\"wp-image-292\" srcset=\"https:\/\/apart-wechner.at\/wp-content\/uploads\/2021\/02\/Bild-9-small-1024x683.jpg 1024w, https:\/\/apart-wechner.at\/wp-content\/uploads\/2021\/02\/Bild-9-small-300x200.jpg 300w, https:\/\/apart-wechner.at\/wp-content\/uploads\/2021\/02\/Bild-9-small-768x512.jpg 768w, https:\/\/apart-wechner.at\/wp-content\/uploads\/2021\/02\/Bild-9-small-1536x1024.jpg 1536w, https:\/\/apart-wechner.at\/wp-content\/uploads\/2021\/02\/Bild-9-small-2048x1365.jpg 2048w, https:\/\/apart-wechner.at\/wp-content\/uploads\/2021\/02\/Bild-9-small-174x116.jpg 174w\" sizes=\"(max-width: 1024px) 100vw, 1024px\" \/><\/a><\/figure>\n\n\n\n<figure class=\"wp-block-image size-large\"><a href=\"https:\/\/apart-wechner.at\/wp-content\/uploads\/2021\/02\/Bild-10-4-scaled.jpg\"><img decoding=\"async\" width=\"1024\" height=\"683\" data-id=\"293\"  src=\"https:\/\/apart-wechner.at\/wp-content\/uploads\/2021\/02\/Bild-10-4-1024x683.jpg\" alt=\"\" class=\"wp-image-293\" srcset=\"https:\/\/apart-wechner.at\/wp-content\/uploads\/2021\/02\/Bild-10-4-1024x683.jpg 1024w, https:\/\/apart-wechner.at\/wp-content\/uploads\/2021\/02\/Bild-10-4-300x200.jpg 300w, https:\/\/apart-wechner.at\/wp-content\/uploads\/2021\/02\/Bild-10-4-768x512.jpg 768w, https:\/\/apart-wechner.at\/wp-content\/uploads\/2021\/02\/Bild-10-4-1536x1024.jpg 1536w, https:\/\/apart-wechner.at\/wp-content\/uploads\/2021\/02\/Bild-10-4-2048x1365.jpg 2048w, https:\/\/apart-wechner.at\/wp-content\/uploads\/2021\/02\/Bild-10-4-174x116.jpg 174w\" sizes=\"(max-width: 1024px) 100vw, 1024px\" \/><\/a><\/figure>\n\n\n\n<figure class=\"wp-block-image size-large\"><a href=\"https:\/\/apart-wechner.at\/wp-content\/uploads\/2021\/02\/Bild-1-6-scaled.jpg\"><img decoding=\"async\" width=\"1024\" height=\"683\" data-id=\"294\"  src=\"https:\/\/apart-wechner.at\/wp-content\/uploads\/2021\/02\/Bild-1-6-1024x683.jpg\" alt=\"\" class=\"wp-image-294\" srcset=\"https:\/\/apart-wechner.at\/wp-content\/uploads\/2021\/02\/Bild-1-6-1024x683.jpg 1024w, https:\/\/apart-wechner.at\/wp-content\/uploads\/2021\/02\/Bild-1-6-300x200.jpg 300w, https:\/\/apart-wechner.at\/wp-content\/uploads\/2021\/02\/Bild-1-6-768x512.jpg 768w, https:\/\/apart-wechner.at\/wp-content\/uploads\/2021\/02\/Bild-1-6-1536x1024.jpg 1536w, https:\/\/apart-wechner.at\/wp-content\/uploads\/2021\/02\/Bild-1-6-2048x1365.jpg 2048w, https:\/\/apart-wechner.at\/wp-content\/uploads\/2021\/02\/Bild-1-6-174x116.jpg 174w\" sizes=\"(max-width: 1024px) 100vw, 1024px\" \/><\/a><\/figure>\n\n\n\n<figure class=\"wp-block-image size-large\"><a href=\"https:\/\/apart-wechner.at\/wp-content\/uploads\/2021\/02\/Bild-2-small-1-scaled.jpg\"><img decoding=\"async\" width=\"1024\" height=\"683\" data-id=\"295\"  src=\"https:\/\/apart-wechner.at\/wp-content\/uploads\/2021\/02\/Bild-2-small-1-1024x683.jpg\" alt=\"\" class=\"wp-image-295\" srcset=\"https:\/\/apart-wechner.at\/wp-content\/uploads\/2021\/02\/Bild-2-small-1-1024x683.jpg 1024w, https:\/\/apart-wechner.at\/wp-content\/uploads\/2021\/02\/Bild-2-small-1-300x200.jpg 300w, https:\/\/apart-wechner.at\/wp-content\/uploads\/2021\/02\/Bild-2-small-1-768x512.jpg 768w, https:\/\/apart-wechner.at\/wp-content\/uploads\/2021\/02\/Bild-2-small-1-1536x1024.jpg 1536w, https:\/\/apart-wechner.at\/wp-content\/uploads\/2021\/02\/Bild-2-small-1-2048x1365.jpg 2048w, https:\/\/apart-wechner.at\/wp-content\/uploads\/2021\/02\/Bild-2-small-1-174x116.jpg 174w\" sizes=\"(max-width: 1024px) 100vw, 1024px\" \/><\/a><\/figure>\n\n\n\n<figure class=\"wp-block-image size-large\"><a href=\"https:\/\/apart-wechner.at\/wp-content\/uploads\/2021\/02\/Bild-3-6-scaled.jpg\"><img decoding=\"async\" width=\"1024\" height=\"683\" data-id=\"296\"  src=\"https:\/\/apart-wechner.at\/wp-content\/uploads\/2021\/02\/Bild-3-6-1024x683.jpg\" alt=\"\" class=\"wp-image-296\" srcset=\"https:\/\/apart-wechner.at\/wp-content\/uploads\/2021\/02\/Bild-3-6-1024x683.jpg 1024w, https:\/\/apart-wechner.at\/wp-content\/uploads\/2021\/02\/Bild-3-6-300x200.jpg 300w, https:\/\/apart-wechner.at\/wp-content\/uploads\/2021\/02\/Bild-3-6-768x512.jpg 768w, https:\/\/apart-wechner.at\/wp-content\/uploads\/2021\/02\/Bild-3-6-1536x1024.jpg 1536w, https:\/\/apart-wechner.at\/wp-content\/uploads\/2021\/02\/Bild-3-6-2048x1365.jpg 2048w, https:\/\/apart-wechner.at\/wp-content\/uploads\/2021\/02\/Bild-3-6-174x116.jpg 174w\" sizes=\"(max-width: 1024px) 100vw, 1024px\" \/><\/a><\/figure>\n\n\n\n<figure class=\"wp-block-image size-large\"><a href=\"https:\/\/apart-wechner.at\/wp-content\/uploads\/2021\/02\/Bild-4-5-scaled.jpg\"><img decoding=\"async\" width=\"1024\" height=\"683\" data-id=\"297\"  src=\"https:\/\/apart-wechner.at\/wp-content\/uploads\/2021\/02\/Bild-4-5-1024x683.jpg\" alt=\"\" class=\"wp-image-297\" srcset=\"https:\/\/apart-wechner.at\/wp-content\/uploads\/2021\/02\/Bild-4-5-1024x683.jpg 1024w, https:\/\/apart-wechner.at\/wp-content\/uploads\/2021\/02\/Bild-4-5-300x200.jpg 300w, https:\/\/apart-wechner.at\/wp-content\/uploads\/2021\/02\/Bild-4-5-768x512.jpg 768w, https:\/\/apart-wechner.at\/wp-content\/uploads\/2021\/02\/Bild-4-5-1536x1024.jpg 1536w, https:\/\/apart-wechner.at\/wp-content\/uploads\/2021\/02\/Bild-4-5-2048x1365.jpg 2048w, https:\/\/apart-wechner.at\/wp-content\/uploads\/2021\/02\/Bild-4-5-174x116.jpg 174w\" sizes=\"(max-width: 1024px) 100vw, 1024px\" \/><\/a><\/figure>\n\n\n\n<figure class=\"wp-block-image size-large\"><a href=\"https:\/\/apart-wechner.at\/wp-content\/uploads\/2021\/02\/Bild-5-5-scaled.jpg\"><img decoding=\"async\" width=\"1024\" height=\"683\" data-id=\"298\"  src=\"https:\/\/apart-wechner.at\/wp-content\/uploads\/2021\/02\/Bild-5-5-1024x683.jpg\" alt=\"\" class=\"wp-image-298\" srcset=\"https:\/\/apart-wechner.at\/wp-content\/uploads\/2021\/02\/Bild-5-5-1024x683.jpg 1024w, https:\/\/apart-wechner.at\/wp-content\/uploads\/2021\/02\/Bild-5-5-300x200.jpg 300w, https:\/\/apart-wechner.at\/wp-content\/uploads\/2021\/02\/Bild-5-5-768x512.jpg 768w, https:\/\/apart-wechner.at\/wp-content\/uploads\/2021\/02\/Bild-5-5-1536x1024.jpg 1536w, https:\/\/apart-wechner.at\/wp-content\/uploads\/2021\/02\/Bild-5-5-2048x1365.jpg 2048w, https:\/\/apart-wechner.at\/wp-content\/uploads\/2021\/02\/Bild-5-5-174x116.jpg 174w\" sizes=\"(max-width: 1024px) 100vw, 1024px\" \/><\/a><\/figure>\n\n\n\n<figure class=\"wp-block-image size-large\"><a href=\"https:\/\/apart-wechner.at\/wp-content\/uploads\/2021\/02\/Bild-6-3-scaled.jpg\"><img decoding=\"async\" width=\"1024\" height=\"683\" data-id=\"299\"  src=\"https:\/\/apart-wechner.at\/wp-content\/uploads\/2021\/02\/Bild-6-3-1024x683.jpg\" alt=\"\" class=\"wp-image-299\" srcset=\"https:\/\/apart-wechner.at\/wp-content\/uploads\/2021\/02\/Bild-6-3-1024x683.jpg 1024w, https:\/\/apart-wechner.at\/wp-content\/uploads\/2021\/02\/Bild-6-3-300x200.jpg 300w, https:\/\/apart-wechner.at\/wp-content\/uploads\/2021\/02\/Bild-6-3-768x512.jpg 768w, https:\/\/apart-wechner.at\/wp-content\/uploads\/2021\/02\/Bild-6-3-1536x1024.jpg 1536w, https:\/\/apart-wechner.at\/wp-content\/uploads\/2021\/02\/Bild-6-3-2048x1365.jpg 2048w, https:\/\/apart-wechner.at\/wp-content\/uploads\/2021\/02\/Bild-6-3-174x116.jpg 174w\" sizes=\"(max-width: 1024px) 100vw, 1024px\" \/><\/a><\/figure>\n\n\n\n<figure class=\"wp-block-image size-large\"><a href=\"https:\/\/apart-wechner.at\/wp-content\/uploads\/2021\/02\/Bild-7-small-scaled.jpg\"><img decoding=\"async\" width=\"1024\" height=\"683\" data-id=\"300\"  src=\"https:\/\/apart-wechner.at\/wp-content\/uploads\/2021\/02\/Bild-7-small-1024x683.jpg\" alt=\"\" class=\"wp-image-300\" srcset=\"https:\/\/apart-wechner.at\/wp-content\/uploads\/2021\/02\/Bild-7-small-1024x683.jpg 1024w, https:\/\/apart-wechner.at\/wp-content\/uploads\/2021\/02\/Bild-7-small-300x200.jpg 300w, https:\/\/apart-wechner.at\/wp-content\/uploads\/2021\/02\/Bild-7-small-768x512.jpg 768w, https:\/\/apart-wechner.at\/wp-content\/uploads\/2021\/02\/Bild-7-small-1536x1024.jpg 1536w, https:\/\/apart-wechner.at\/wp-content\/uploads\/2021\/02\/Bild-7-small-2048x1365.jpg 2048w, https:\/\/apart-wechner.at\/wp-content\/uploads\/2021\/02\/Bild-7-small-174x116.jpg 174w\" sizes=\"(max-width: 1024px) 100vw, 1024px\" \/><\/a><\/figure>\n\n\n\n<figure class=\"wp-block-image size-large\"><a href=\"https:\/\/apart-wechner.at\/wp-content\/uploads\/2021\/02\/Bild-8-small-scaled.jpg\"><img decoding=\"async\" width=\"1024\" height=\"683\" data-id=\"301\"  src=\"https:\/\/apart-wechner.at\/wp-content\/uploads\/2021\/02\/Bild-8-small-1024x683.jpg\" alt=\"\" class=\"wp-image-301\" srcset=\"https:\/\/apart-wechner.at\/wp-content\/uploads\/2021\/02\/Bild-8-small-1024x683.jpg 1024w, https:\/\/apart-wechner.at\/wp-content\/uploads\/2021\/02\/Bild-8-small-300x200.jpg 300w, https:\/\/apart-wechner.at\/wp-content\/uploads\/2021\/02\/Bild-8-small-768x512.jpg 768w, https:\/\/apart-wechner.at\/wp-content\/uploads\/2021\/02\/Bild-8-small-1536x1024.jpg 1536w, https:\/\/apart-wechner.at\/wp-content\/uploads\/2021\/02\/Bild-8-small-2048x1365.jpg 2048w, https:\/\/apart-wechner.at\/wp-content\/uploads\/2021\/02\/Bild-8-small-174x116.jpg 174w\" sizes=\"(max-width: 1024px) 100vw, 1024px\" \/><\/a><\/figure>\n<\/figure>\n\n\n\n<div style=\"height:60px\" aria-hidden=\"true\" class=\"wp-block-spacer\"><\/div>\n\n\n\n<div class=\"is-layout-flex wp-container-6 wp-block-columns are-vertically-aligned-center\">\n<div class=\"is-layout-flow wp-block-column is-vertically-aligned-center\"><div class=\"wp-block-image image-bottom-border\">\n<figure class=\"aligncenter size-thumbnail is-resized popmake-433\"><img decoding=\"async\" src=\"https:\/\/apart-wechner.at\/wp-content\/uploads\/2021\/02\/noun_weather_2872367.svg\" alt=\"\" class=\"wp-image-453\" width=\"50\" height=\"50\"\/><\/figure><\/div><\/div>\n\n\n\n<div class=\"is-layout-flow wp-block-column is-vertically-aligned-center\" style=\"flex-basis:20%\"><div class=\"wp-block-image image-bottom-border\">\n<figure class=\"aligncenter size-thumbnail is-resized popmake-477\"><img decoding=\"async\" src=\"https:\/\/apart-wechner.at\/wp-content\/uploads\/2021\/02\/noun_Cloud-Video_951198.svg\" alt=\"\" class=\"wp-image-454\" width=\"50\" height=\"50\"\/><\/figure><\/div><\/div>\n\n\n\n<div class=\"is-layout-flow wp-block-column is-vertically-aligned-center\"><div class=\"wp-block-image image-bottom-border\">\n<figure class=\"aligncenter size-thumbnail is-resized popmake-479\"><img decoding=\"async\" src=\"https:\/\/apart-wechner.at\/wp-content\/uploads\/2021\/02\/noun_events_3042143.svg\" alt=\"\" class=\"wp-image-455\" width=\"50\" height=\"50\"\/><\/figure><\/div><\/div>\n<\/div>\n\n\n\n<div style=\"height:60px\" aria-hidden=\"true\" class=\"wp-block-spacer\"><\/div>\n\n\n\n<div class=\"wp-block-uagb-advanced-heading uagb-block-708ae21c\"><h2 class=\"uagb-heading-text\">GRENZENLOSES URLAUBSGL\u00dcCK<\/h2><div class=\"uagb-separator\"><\/div><p class=\"uagb-desc-text\">Silvretta Card Premium<\/p><\/div>\n\n\n\n<hr class=\"wp-block-separator has-css-opacity small-hr\"\/>\n\n\n\n<div style=\"height:40px\" aria-hidden=\"true\" class=\"wp-block-spacer\"><\/div>\n\n\n\n<figure class=\"wp-block-image size-large\"><img decoding=\"async\" width=\"1024\" height=\"1024\" src=\"https:\/\/apart-wechner.at\/wp-content\/uploads\/2023\/06\/Bild-1-neu-1-1024x1024.jpg\" alt=\"\" class=\"wp-image-1194\" srcset=\"https:\/\/apart-wechner.at\/wp-content\/uploads\/2023\/06\/Bild-1-neu-1-1024x1024.jpg 1024w, https:\/\/apart-wechner.at\/wp-content\/uploads\/2023\/06\/Bild-1-neu-1-300x300.jpg 300w, https:\/\/apart-wechner.at\/wp-content\/uploads\/2023\/06\/Bild-1-neu-1-150x150.jpg 150w, https:\/\/apart-wechner.at\/wp-content\/uploads\/2023\/06\/Bild-1-neu-1-768x768.jpg 768w, https:\/\/apart-wechner.at\/wp-content\/uploads\/2023\/06\/Bild-1-neu-1-1536x1536.jpg 1536w, https:\/\/apart-wechner.at\/wp-content\/uploads\/2023\/06\/Bild-1-neu-1-2048x2048.jpg 2048w, https:\/\/apart-wechner.at\/wp-content\/uploads\/2023\/06\/Bild-1-neu-1-116x116.jpg 116w\" sizes=\"(max-width: 1024px) 100vw, 1024px\" \/><\/figure>\n\n\n\n<div style=\"height:40px\" aria-hidden=\"true\" class=\"wp-block-spacer\"><\/div>\n\n\n\n<p>Mit der <strong>Silvretta Card Premium<\/strong> erleben Urlaubsg\u00e4ste einen <strong>Sommerurlaub<\/strong> wie aus dem Bilderbuch. Die gro\u00dfz\u00fcgigen Leistungen erm\u00f6glichen einen unbeschwerten abwechslungsreichen Urlaub mit unz\u00e4hligen Vorteilen und machen Ihren wohlverdienten Sommerurlaub zum unvergesslichen Erlebnis. Ihre Karte zum Urlaubsgl\u00fcck bekommen Sie direkt bei uns beim Check-In und ist bei&nbsp;<strong>Direktbuchung<\/strong>&nbsp;im <strong>Apartmentpreis<\/strong>&nbsp;bereits inklusive \u2013 die Auszeit in den Tiroler Bergen wird dadurch gleich noch attraktiver und Sie nutzen die Vorteile bereits komplett am&nbsp;<strong>Anreisetag<\/strong>&nbsp;und ist am&nbsp;<strong>Abreisetag&nbsp;<\/strong>auch noch g\u00fcltig. <\/p>\n\n\n\n<div style=\"height:20px\" aria-hidden=\"true\" class=\"wp-block-spacer\"><\/div>\n\n\n\n<p class=\"has-medium-font-size\"><strong><strong>Folgende Leistungen sind inkludiert bzw. verg\u00fcnstigt:<\/strong><\/strong><\/p>\n\n\n\n<ul>\n<li>unlimitierte Nutzung aller ge\u00f6ffneten Bergbahnen im Paznaun &amp; Samnaun<\/li>\n\n\n\n<li>unlimitierte Nutzung aller ge\u00f6ffneten Bergbahnen im Montafon\/Brandnertal<\/li>\n\n\n\n<li>der gesamte \u00f6ffentliche Nahverkehr im Paznaun &amp; Montafon (bis St. Anton im Montafon)<\/li>\n\n\n\n<li>die Maut f\u00fcr die Silvretta Hochalpenstra\u00dfe (mit Pre-Check-In auch schon am Tag der Anreise)<\/li>\n\n\n\n<li><strong>Ab 3 N\u00e4chtigungen:<\/strong>&nbsp;Biketransport auf allen ge\u00f6ffneten Bergbahnen (1 Biketransport pro Bahn\/Tag)<\/li>\n\n\n\n<li><strong>Bike-Upgrade bei 1-2 N\u00e4chtigungen:<\/strong>\n<ul>\n<li>wahlweise 1 Fahrt mit der Silvretta- &amp; Flimjochbahn, Alpkogelbahn, Diasbahn oder Medrigjochbahn: \u20ac 9,-<\/li>\n\n\n\n<li>einmal nach Samnaun &amp; retour: \u20ac 15,-<\/li>\n<\/ul>\n<\/li>\n\n\n\n<li><strong>Bike Unlimited:<\/strong>&nbsp;minus 30% auf die \u201eBike-Unlimited\u201c-Karte der einzelnen Bergbahnen<\/li>\n<\/ul>\n\n\n\n<div style=\"height:20px\" aria-hidden=\"true\" class=\"wp-block-spacer\"><\/div>\n\n\n\n<ul><\/ul>\n\n\n\n<p class=\"has-medium-font-size\">Zudem erhalten Sie noch folgende&nbsp;<strong>Partner-Verg\u00fcnstigungen<\/strong>:<\/p>\n\n\n\n<ul>\n<li><strong>Skyfly Ischgl:<\/strong>&nbsp;\u2013 25% (einmalig)&nbsp;&nbsp;<\/li>\n\n\n\n<li><strong>H2O Adventure:<\/strong>&nbsp;\u2013 20 % auf alle Touren&nbsp;<\/li>\n\n\n\n<li><strong>auf ausgew\u00e4hlte Programmpunkte<\/strong> des Sommer- und Herbst Guides<\/li>\n<\/ul>\n\n\n\n<div style=\"height:20px\" aria-hidden=\"true\" class=\"wp-block-spacer\"><\/div>\n\n\n\n<ul><\/ul>\n\n\n\n<ul><\/ul>\n\n\n\n<p>Die Silvretta Card Premium ist Ihr Garant f\u00fcr einen <strong>\u201evorteilhaften\u201c Urlaub<\/strong> im <strong>Paznaun<\/strong>.&nbsp;Erleben Sie die atemberaubende Bergwelt von Tirol!<\/p>\n","protected":false},"excerpt":{"rendered":"<p>HOCH HINAUS UND IMMER WEITER Atemberaubende Bergwelt direkt vor der Haust\u00fcre Von familienfreundlichen Wanderungen \u00fcber aufregende Mountainbike-Trails bis hin zu Bergseen, die f\u00fcr Abk\u00fchlung der F\u00fc\u00dfe sorgen: Wer einen Sommerurlaub in Kappl im Paznaun verbringt, darf sich auf Ferien freuen, die in Sachen Abwechslung f\u00fcr Gro\u00df und Klein alle St\u00fccke spielen. Dabei lassen sie sich [&hellip;]<\/p>\n","protected":false},"author":1,"featured_media":0,"parent":0,"menu_order":0,"comment_status":"closed","ping_status":"closed","template":"","meta":{"inline_featured_image":false,"_uag_custom_page_level_css":""},"uagb_featured_image_src":{"full":false,"thumbnail":false,"medium":false,"medium_large":false,"large":false,"1536x1536":false,"2048x2048":false,"form-edit-image-preview":false},"uagb_author_info":{"display_name":"admin","author_link":"https:\/\/apart-wechner.at\/index.php\/author\/marcel-juen\/"},"uagb_comment_info":0,"uagb_excerpt":"HOCH HINAUS UND IMMER WEITER Atemberaubende Bergwelt direkt vor der Haust\u00fcre Von familienfreundlichen Wanderungen \u00fcber aufregende Mountainbike-Trails bis hin zu Bergseen, die f\u00fcr Abk\u00fchlung der F\u00fc\u00dfe sorgen: Wer einen Sommerurlaub in Kappl im Paznaun verbringt, darf sich auf Ferien freuen, die in Sachen Abwechslung f\u00fcr Gro\u00df und Klein alle St\u00fccke spielen. Dabei lassen sie sich&hellip;","_links":{"self":[{"href":"https:\/\/apart-wechner.at\/index.php\/wp-json\/wp\/v2\/pages\/291"}],"collection":[{"href":"https:\/\/apart-wechner.at\/index.php\/wp-json\/wp\/v2\/pages"}],"about":[{"href":"https:\/\/apart-wechner.at\/index.php\/wp-json\/wp\/v2\/types\/page"}],"author":[{"embeddable":true,"href":"https:\/\/apart-wechner.at\/index.php\/wp-json\/wp\/v2\/users\/1"}],"replies":[{"embeddable":true,"href":"https:\/\/apart-wechner.at\/index.php\/wp-json\/wp\/v2\/comments?post=291"}],"version-history":[{"count":16,"href":"https:\/\/apart-wechner.at\/index.php\/wp-json\/wp\/v2\/pages\/291\/revisions"}],"predecessor-version":[{"id":1197,"href":"https:\/\/apart-wechner.at\/index.php\/wp-json\/wp\/v2\/pages\/291\/revisions\/1197"}],"wp:attachment":[{"href":"https:\/\/apart-wechner.at\/index.php\/wp-json\/wp\/v2\/media?parent=291"}],"curies":[{"name":"wp","href":"https:\/\/api.w.org\/{rel}","templated":true}]}}