{"id":99,"date":"2021-02-12T22:23:45","date_gmt":"2021-02-12T22:23:45","guid":{"rendered":"https:\/\/apart-wechner.at\/?page_id=99"},"modified":"2025-08-06T20:56:03","modified_gmt":"2025-08-06T20:56:03","slug":"aparment-ueberblick","status":"publish","type":"page","link":"https:\/\/apart-wechner.at\/index.php\/aparment-ueberblick\/","title":{"rendered":"Wohnen"},"content":{"rendered":"\n<div class=\"wp-block-uagb-advanced-heading uagb-block-a21d16d6\"><h2 class=\"uagb-heading-text\">IHR LIEBLINGSPLATZ MIT ALPINEM CHARME<\/h2><div class=\"uagb-separator\"><\/div><p class=\"uagb-desc-text\">Unsere Apartments<\/p><\/div>\n\n\n\n<hr class=\"wp-block-separator has-css-opacity small-hr\"\/>\n\n\n\n<div style=\"height:40px\" aria-hidden=\"true\" class=\"wp-block-spacer\"><\/div>\n\n\n\n<p>Mit liebevollen Details, hochwertigen Materialien, einer entspannten Atmosph\u00e4re und ganz viel Tiroler Herzlichkeit haben wir f\u00fcr unsere G\u00e4ste einen Ort geschaffen zum Abschalten, Entspannen und Genie\u00dfen. In unserem Haus erwarten Sie zwei komfortable, stilvoll eingerichtete und vollst\u00e4ndig ausgestattete Apartments entweder f\u00fcr 2 bis 7 Personen oder auch beide Apartments kombiniert. &#8211; Ein Urlaubszuhause f\u00fcr Familien, Aktiv-Urlauber und Erholungss\u00fcchtige.<\/p>\n\n\n\n<p><strong>Inklusivleistungen:<\/strong><\/p>\n\n\n\n<ul>\n<li>Kostenlose Parkpl\u00e4tze direkt beim Haus<\/li>\n\n\n\n<li>T\u00e4glicher Br\u00f6tchen- &amp; Milch-Service (zum Selbstkostenpreis)<\/li>\n\n\n\n<li>Kostenloses W-LAN Internet<\/li>\n\n\n\n<li>Kinderzustellbetten und Hochst\u00fchle<\/li>\n\n\n\n<li>Babyphone-Verleih <\/li>\n\n\n\n<li>Ski- &amp; Snowboardraum <\/li>\n\n\n\n<li>Beheizter Raum f\u00fcr Schuh &amp; Kleidertrocknung<\/li>\n\n\n\n<li>Kostenloser Rodelverleih (Schlittenverleih)<\/li>\n\n\n\n<li>Versperrbare Unterstellm\u00f6glichkeit f\u00fcr Fahrr\u00e4der<\/li>\n\n\n\n<li>Hand-, Bade- und Geschirrt\u00fccher sowie Bettw\u00e4sche<\/li>\n\n\n\n<li>Erwerb von Original <em>Nespresso <\/em>Kaffeekapseln (zum Selbstkostenpreis)<\/li>\n\n\n\n<li>Holzkohlegrill auf Anfrage<\/li>\n\n\n\n<li>Silvretta Card Premium im Sommer mit vielen Vorteilen<\/li>\n<\/ul>\n\n\n\n<div style=\"height:20px\" aria-hidden=\"true\" class=\"wp-block-spacer\"><\/div>\n\n\n\n<div class=\"is-layout-flex wp-container-13 wp-block-columns inner-outline has-background\" style=\"background-color:#dedcd7\">\n<div class=\"is-layout-flow wp-block-column\">\n<div class=\"is-layout-flex wp-container-4 wp-block-columns\">\n<div class=\"is-layout-flow wp-block-column is-vertically-aligned-center\" style=\"flex-basis:30%\">\n<p><strong>Apartment \u2013 Hoher Riffler \u201eTyp A\u201c<\/strong><\/p>\n\n\n\n<p>2 &#8211; 7 Personen<br>85 m\u00b2<\/p>\n\n\n\n<div style=\"height:20px\" aria-hidden=\"true\" class=\"wp-block-spacer\"><\/div>\n\n\n\n<div class=\"is-layout-flex wp-block-buttons\">\n<div class=\"wp-block-button book-like-button\"><a class=\"wp-block-button__link has-background wp-element-button\" href=\"https:\/\/apart-wechner.at\/index.php\/apartment-typ-a\/\" style=\"border-radius:5px;background-color:#ccb47a\">Mehr Details<\/a><\/div>\n<\/div>\n<\/div>\n\n\n\n<div class=\"is-layout-flow wp-block-column is-vertically-aligned-center\">\n<figure class=\"wp-block-image size-large\"><img decoding=\"async\" width=\"1024\" height=\"678\" src=\"https:\/\/apart-wechner.at\/wp-content\/uploads\/2025\/08\/Apartment-Hoher-Riffler-4-1024x678.jpg\" alt=\"\" class=\"wp-image-1309\" srcset=\"https:\/\/apart-wechner.at\/wp-content\/uploads\/2025\/08\/Apartment-Hoher-Riffler-4-1024x678.jpg 1024w, https:\/\/apart-wechner.at\/wp-content\/uploads\/2025\/08\/Apartment-Hoher-Riffler-4-300x199.jpg 300w, https:\/\/apart-wechner.at\/wp-content\/uploads\/2025\/08\/Apartment-Hoher-Riffler-4-768x509.jpg 768w, https:\/\/apart-wechner.at\/wp-content\/uploads\/2025\/08\/Apartment-Hoher-Riffler-4-1536x1017.jpg 1536w, https:\/\/apart-wechner.at\/wp-content\/uploads\/2025\/08\/Apartment-Hoher-Riffler-4-2048x1356.jpg 2048w, https:\/\/apart-wechner.at\/wp-content\/uploads\/2025\/08\/Apartment-Hoher-Riffler-4-175x116.jpg 175w\" sizes=\"(max-width: 1024px) 100vw, 1024px\" \/><\/figure>\n<\/div>\n<\/div>\n\n\n\n<hr class=\"wp-block-separator has-css-opacity is-style-wide\"\/>\n\n\n\n<div style=\"height:40px\" aria-hidden=\"true\" class=\"wp-block-spacer\"><\/div>\n\n\n\n<div class=\"is-layout-flex wp-container-11 wp-block-columns\">\n<div class=\"is-layout-flow wp-block-column\">\n<div class=\"is-horizontal is-content-justification-center is-layout-flex wp-container-5 wp-block-buttons\">\n<div class=\"wp-block-button book-like-button\"><a class=\"wp-block-button__link has-background wp-element-button\" href=\"https:\/\/apart-wechner.at\/index.php\/anfrage\/\" style=\"border-radius:5px;background-color:#ccb47a\">Anfragen<\/a><\/div>\n<\/div>\n<\/div>\n\n\n\n<div class=\"is-layout-flow wp-block-column\">\n<div class=\"is-horizontal is-content-justification-center is-layout-flex wp-container-7 wp-block-buttons\">\n<div class=\"wp-block-button book-like-button\"><a class=\"wp-block-button__link has-background wp-element-button\" href=\"https:\/\/apart-wechner.at\/index.php\/buchen\/\" style=\"border-radius:5px;background-color:#ccb47a\" rel=\"\">Buchen<\/a><\/div>\n<\/div>\n<\/div>\n\n\n\n<div class=\"is-layout-flow wp-block-column\">\n<div class=\"is-horizontal is-content-justification-center is-layout-flex wp-container-9 wp-block-buttons\">\n<div class=\"wp-block-button is-style-fill book-like-button\"><a class=\"wp-block-button__link has-background wp-element-button\" href=\"https:\/\/apart-wechner.at\/index.php\/preisliste\/\" style=\"border-radius:5px;background-color:#ccb47a\">Preise<\/a><\/div>\n<\/div>\n<\/div>\n<\/div>\n<\/div>\n<\/div>\n\n\n\n<div style=\"height:40px\" aria-hidden=\"true\" class=\"wp-block-spacer\"><\/div>\n\n\n\n<div class=\"is-layout-flex wp-container-26 wp-block-columns inner-outline has-background\" style=\"background-color:#dedcd7\">\n<div class=\"is-layout-flow wp-block-column\">\n<div class=\"is-layout-flex wp-container-17 wp-block-columns\">\n<div class=\"is-layout-flow wp-block-column is-vertically-aligned-center\" style=\"flex-basis:30%\">\n<p><strong>Apartment \u2013 Blankahorn \u201eTyp B\u201c<\/strong><\/p>\n\n\n\n<p>2 &#8211; 4 Personen<br>51 m\u00b2<\/p>\n\n\n\n<div style=\"height:20px\" aria-hidden=\"true\" class=\"wp-block-spacer\"><\/div>\n\n\n\n<div class=\"is-layout-flex wp-block-buttons\">\n<div class=\"wp-block-button book-like-button\"><a class=\"wp-block-button__link has-background wp-element-button\" href=\"https:\/\/apart-wechner.at\/index.php\/apartment-typ-b\/\" style=\"border-radius:5px;background-color:#ccb47a\">Mehr Details<\/a><\/div>\n<\/div>\n<\/div>\n\n\n\n<div class=\"is-layout-flow wp-block-column\">\n<figure class=\"wp-block-image size-large\"><img decoding=\"async\" width=\"1024\" height=\"678\" src=\"https:\/\/apart-wechner.at\/wp-content\/uploads\/2025\/08\/Apartment-Blankahorn-5-1024x678.jpg\" alt=\"\" class=\"wp-image-1314\" srcset=\"https:\/\/apart-wechner.at\/wp-content\/uploads\/2025\/08\/Apartment-Blankahorn-5-1024x678.jpg 1024w, https:\/\/apart-wechner.at\/wp-content\/uploads\/2025\/08\/Apartment-Blankahorn-5-300x199.jpg 300w, https:\/\/apart-wechner.at\/wp-content\/uploads\/2025\/08\/Apartment-Blankahorn-5-768x509.jpg 768w, https:\/\/apart-wechner.at\/wp-content\/uploads\/2025\/08\/Apartment-Blankahorn-5-1536x1017.jpg 1536w, https:\/\/apart-wechner.at\/wp-content\/uploads\/2025\/08\/Apartment-Blankahorn-5-2048x1356.jpg 2048w, https:\/\/apart-wechner.at\/wp-content\/uploads\/2025\/08\/Apartment-Blankahorn-5-175x116.jpg 175w\" sizes=\"(max-width: 1024px) 100vw, 1024px\" \/><\/figure>\n<\/div>\n<\/div>\n\n\n\n<hr class=\"wp-block-separator has-css-opacity is-style-wide\"\/>\n\n\n\n<div style=\"height:40px\" aria-hidden=\"true\" class=\"wp-block-spacer\"><\/div>\n\n\n\n<div class=\"is-layout-flex wp-container-24 wp-block-columns\">\n<div class=\"is-layout-flow wp-block-column\">\n<div class=\"is-horizontal is-content-justification-center is-layout-flex wp-container-18 wp-block-buttons\">\n<div class=\"wp-block-button book-like-button\"><a class=\"wp-block-button__link has-background wp-element-button\" href=\"https:\/\/apart-wechner.at\/index.php\/anfrage\/\" style=\"border-radius:5px;background-color:#ccb47a\">Anfragen<\/a><\/div>\n<\/div>\n<\/div>\n\n\n\n<div class=\"is-layout-flow wp-block-column\">\n<div class=\"is-horizontal is-content-justification-center is-layout-flex wp-container-20 wp-block-buttons\">\n<div class=\"wp-block-button book-like-button\"><a class=\"wp-block-button__link has-background wp-element-button\" href=\"https:\/\/apart-wechner.at\/index.php\/buchen\/\" style=\"border-radius:5px;background-color:#ccb47a\">Buchen<\/a><\/div>\n<\/div>\n<\/div>\n\n\n\n<div class=\"is-layout-flow wp-block-column\">\n<div class=\"is-horizontal is-content-justification-center is-layout-flex wp-container-22 wp-block-buttons\">\n<div class=\"wp-block-button is-style-fill book-like-button\"><a class=\"wp-block-button__link has-background wp-element-button\" href=\"https:\/\/apart-wechner.at\/index.php\/preisliste\/\" style=\"border-radius:5px;background-color:#ccb47a\">Preise<\/a><\/div>\n<\/div>\n<\/div>\n<\/div>\n<\/div>\n<\/div>\n\n\n\n<p><\/p>\n","protected":false},"excerpt":{"rendered":"<p>IHR LIEBLINGSPLATZ MIT ALPINEM CHARME Unsere Apartments Mit liebevollen Details, hochwertigen Materialien, einer entspannten Atmosph\u00e4re und ganz viel Tiroler Herzlichkeit haben wir f\u00fcr unsere G\u00e4ste einen Ort geschaffen zum Abschalten, Entspannen und Genie\u00dfen. In unserem Haus erwarten Sie zwei komfortable, stilvoll eingerichtete und vollst\u00e4ndig ausgestattete Apartments entweder f\u00fcr 2 bis 7 Personen oder auch beide [&hellip;]<\/p>\n","protected":false},"author":1,"featured_media":0,"parent":0,"menu_order":0,"comment_status":"closed","ping_status":"closed","template":"","meta":{"inline_featured_image":false,"_uag_custom_page_level_css":""},"uagb_featured_image_src":{"full":false,"thumbnail":false,"medium":false,"medium_large":false,"large":false,"1536x1536":false,"2048x2048":false,"form-edit-image-preview":false},"uagb_author_info":{"display_name":"admin","author_link":"https:\/\/apart-wechner.at\/index.php\/author\/marcel-juen\/"},"uagb_comment_info":0,"uagb_excerpt":"IHR LIEBLINGSPLATZ MIT ALPINEM CHARME Unsere Apartments Mit liebevollen Details, hochwertigen Materialien, einer entspannten Atmosph\u00e4re und ganz viel Tiroler Herzlichkeit haben wir f\u00fcr unsere G\u00e4ste einen Ort geschaffen zum Abschalten, Entspannen und Genie\u00dfen. In unserem Haus erwarten Sie zwei komfortable, stilvoll eingerichtete und vollst\u00e4ndig ausgestattete Apartments entweder f\u00fcr 2 bis 7 Personen oder auch beide&hellip;","_links":{"self":[{"href":"https:\/\/apart-wechner.at\/index.php\/wp-json\/wp\/v2\/pages\/99"}],"collection":[{"href":"https:\/\/apart-wechner.at\/index.php\/wp-json\/wp\/v2\/pages"}],"about":[{"href":"https:\/\/apart-wechner.at\/index.php\/wp-json\/wp\/v2\/types\/page"}],"author":[{"embeddable":true,"href":"https:\/\/apart-wechner.at\/index.php\/wp-json\/wp\/v2\/users\/1"}],"replies":[{"embeddable":true,"href":"https:\/\/apart-wechner.at\/index.php\/wp-json\/wp\/v2\/comments?post=99"}],"version-history":[{"count":46,"href":"https:\/\/apart-wechner.at\/index.php\/wp-json\/wp\/v2\/pages\/99\/revisions"}],"predecessor-version":[{"id":1315,"href":"https:\/\/apart-wechner.at\/index.php\/wp-json\/wp\/v2\/pages\/99\/revisions\/1315"}],"wp:attachment":[{"href":"https:\/\/apart-wechner.at\/index.php\/wp-json\/wp\/v2\/media?parent=99"}],"curies":[{"name":"wp","href":"https:\/\/api.w.org\/{rel}","templated":true}]}}